1945. Let i = 254 + w. What is the hundreds digit of i?
9
Let l(z) = 284*z**2 - 4*z + 3. Let x(v) = -v**2 + 36*v + 161. Let a be x(40). What is the hundreds digit of l(a)?
2
Let j = 217 - 217. Suppose -14*a + 3*s - 277 = -16*a, j = a + 3*s - 134. What is the tens digit of a?
4
Suppose 23 + 17 = 2*q. Let x = -13 + q. What is the tens digit of (4 - 4) + 7/(x/44)?
4
Let k = -41 - -46. Suppose -24 = -k*y - m, -m + 0*m = -3*y + 16. Suppose -3*n + 5*t + 62 = -106, 0 = y*t - 15. What is the tens digit of n?
6
Let o(z) be the first derivative of z**5/30 - z**4/3 + z**3/3 + 7*z**2/2 - 12. Let g(f) be the second derivative of o(f). What is the units digit of g(9)?
2
Let t(o) = o**3 + 3*o**2 - 9*o + 6. Let x be t(-5). Let u be -20 + 16 - (-2)/(x - -1). Let w(j) = -4*j**3 - j**2 + j - 2. What is the tens digit of w(u)?
9
Let u(n) = -n**3 + 28*n**2 + n - 48. Let g be u(28). Let t(s) = s**3 + 20*s**2 - 25*s + 73. What is the tens digit of t(g)?
7
Suppose -f + 3 + 43 = 0. Let k = f + -41. What is the tens digit of (k/(-2))/(2/(-68))?
8
Suppose 0 = -9*g + 61192 - 3070. What is the thousands digit of g?
6
Let r be (8*(-35)/(-98))/(6/63). Let m be -21 - (-1 + 2/1). Let g = r + m. What is the units digit of g?
8
Let v(l) be the third derivative of -l**5/30 - l**4/6 + 61*l**3/3 - 2*l**2 + 19*l. What is the hundreds digit of v(0)?
1
Let h be 32/6*279/(-60)*-5. Let i = h - -251. What is the hundreds digit of i?
3
Suppose -3*p - f + 20 = -0*f, -p + f = -12. Let v(u) = 13*u - 4. Let k be v(p). Suppose h = -3*d + 129, -5*d + k = h - 117. What is the tens digit of d?
4
Let z(k) = -12 - 20 + 5*k**2 - 11 + 29 + k. Suppose -5*x - 9 = -q + 11, 0 = 3*q + 15. What is the tens digit of z(x)?
0
Let p be (0 - (1 + -1)) + (-8)/(-2). Suppose f + 0*f - p*z = 16, -5*f = z + 4. What is the tens digit of 0 - (-38 - (f - 2))?
3
Suppose -3*i - h - 43680 = -7*i, 3*h - 43696 = -4*i. What is the hundreds digit of i?
9
Let y(q) = 19*q - 37. Let m(t) = -6*t + 12. Let w(b) = -7*m(b) - 2*y(b). Let r be w(3). Suppose 7*j - r*j - 225 = 0. What is the tens digit of j?
4
Let k(d) = 283*d - 2150. What is the thousands digit of k(24)?
4
Suppose -11*g + 137 - 698 = 0. Let n = g + 59. Let c(r) = r**2 + 14*r - 14. What is the hundreds digit of c(n)?
1
Let a = -105 - -106. Let k be 4 + a + -4 + -1 + 5. Suppose 780 + 265 = k*d. What is the units digit of d?
9
Suppose -1047 - 183 = 5*j. Let p = j + 561. What is the tens digit of p?
1
Let v(q) = 20*q**2 - 13*q + 36. Suppose 0 = -3*w - 3 + 21. Let u(t) = -7*t**2 + 4*t - 12. Let n(o) = w*v(o) + 17*u(o). What is the units digit of n(-5)?
7
Suppose 5*i - 108180 = -2*y - 0*i, -i = 8. What is the tens digit of y?
1
Let b = 18906 - 6966. What is the hundreds digit of b?
9
Let z(m) = -m**3 + 16*m**2 - 12*m + 2. Let s be z(15). Let v = 13 + s. What is the tens digit of v?
6
Let n(m) = 932*m**3 + 4*m**2 - 26*m + 79. What is the hundreds digit of n(3)?
2
Suppose 0 = 637*l - 1073*l + 1591836. What is the thousands digit of l?
3
Let s be 16/(-6)*(-5)/30*9. Suppose 39*p + 521 = f + 36*p, -2*f = -s*p - 1048. What is the units digit of f?
0
Suppose -23*r + 16191 = -2*r. Let z = -234 + r. What is the hundreds digit of z?
5
Let g = 693 - -489. What is the hundreds digit of 4/12*-2*g/(-4)?
1
Suppose 101*r = 4618616 + 1426638. What is the hundreds digit of r?
8
Let z(j) = -j**3 - 14*j**2 + 17*j + 33. Let v be z(-15). Let f = v + 29. Suppose -d + l + 16 = -f, 4*l = 3*d - 141. What is the units digit of d?
1
Let g(j) = -j**3 - 12*j**2 - 12*j - 13. Let n(z) = z**3 - 5*z**2 - z + 9. Let s be n(4). Let m be g(s). What is the units digit of (-68)/m - (17 - 19)?
6
Let j = -6 - -13. Suppose -j*k + 12 = -k. What is the units digit of 2*k - (-198)/11 - -4?
6
Let r(v) = 27 + 15 - 7*v + 4 - 6*v. Let p(q) = -7*q + 23. Let j(l) = -11*p(l) + 6*r(l). What is the units digit of j(5)?
8
Suppose -72*c + 4060660 = -113036. What is the tens digit of c?
6
Suppose 2*w + q + 102 = -157, -q + 1 = 0. Let m = w - -129. What is the tens digit of m/(5 - 686/137)?
3
Suppose -70945 = -3*f + 28343 - 12486. What is the ten thousands digit of f?
2
Suppose -3*z = -2 - 1. Let f be -3 + (2 + 2 - z) - -4. Suppose 0*n + 30 = s + 2*n, f*s = 4*n + 60. What is the tens digit of s?
2
Suppose 11*s - 7*s = 12*s - 40696. What is the thousands digit of s?
5
Let z(u) = -11 + u**2 - 40 - 12*u + u. Let p be z(17). Suppose 2*n - p = -n. What is the units digit of n?
7
Let c(v) = -18*v - 92. Let o be c(-5). What is the units digit of (1 + -2)/((-3 - o)/523)?
3
Suppose -45 = -4*s + 4*v + 15, 0 = -5*s + 2*v + 60. Suppose -2*u + 12 = s. What is the units digit of 4 + (-970)/(-40)*4/u?
1
Suppose -3*j = -2*j - g - 10, -3*j + 50 = 2*g. Suppose -5*m = -12*m + j. Suppose -415 + 85 = -m*n. What is the units digit of n?
5
Let h = 56613 + -32691. What is the tens digit of h?
2
Suppose -3*l + 8*l + 4*t - 6 = 0, -t - 1 = 0. Suppose f - 61 = -l*r - 29, -3*r = 3*f - 93. What is the units digit of f?
0
Let h = 47 - -47. Let j = 210 - h. Let m = j - -38. What is the units digit of m?
4
Let t be 19 - 21 - (-68)/2. Suppose t*u = 5*u + 43659. What is the hundreds digit of u?
6
Let p be 12/(-6) + 3*2. Let j = -20 + 70. Suppose -6*b + j = p*b. What is the units digit of b?
5
Let w(p) = p. Suppose n + 24 = 5*n - 4*g, 4*n = -3*g + 3. Let y be w(n). Let z(s) = 25*s + 4. What is the tens digit of z(y)?
7
Let r(p) = 25*p**2 - 31*p + 201. What is the hundreds digit of r(-19)?
8
Suppose -18*n + 20*n - 8 = 0. Suppose -6*k - 3*d = -2*k - 1861, n*d = 12. What is the tens digit of k?
6
Suppose 3*x - 1550 = 4*n + 1142, 5*n + 1783 = 2*x. What is the tens digit of x?
0
Suppose 115429 - 99346 = -76*n + 1876259. What is the thousands digit of n?
4
Suppose -4*h = 2*z - 8400, 0 = 5*z - h - 12050 - 8939. What is the tens digit of z?
9
Let f(i) = -i**3 - 4*i**2 - 13*i + 1134. What is the thousands digit of f(0)?
1
Suppose 0 = -98*m + 93*m - 5*x + 37340, 3*m - 5*x = 22388. What is the hundreds digit of m?
4
Let j(b) = -2*b**3 - 2*b**2 + 6*b + 8. Let k be j(-2). Suppose -3*s + 0*s + k*o = -2605, -3*s - o + 2630 = 0. What is the tens digit of s?
7
Suppose 2*o - 16 + 0 = 0. Let n be (o/(-6))/(5/(-60)). Suppose 13*y - n*y = -312. What is the units digit of y?
4
Suppose 32032 = -15*g + 4*g + 130328. What is the hundreds digit of g?
9
Let i = -464 - -467. Suppose -i*y + 163 = -698. What is the units digit of y?
7
Let t = -23 + 22. Let x be t - (-2 - -1) - -4. Suppose 4*b = -x*k + 174 - 34, 3*k - 3*b - 135 = 0. What is the units digit of k?
0
Suppose 14*x - 12*x + 3*n = 3730, 5612 = 3*x - 4*n. What is the tens digit of x?
6
Suppose 34*g = 18*g + 34064. What is the units digit of g?
9
Let d(h) = -h**3 - 7*h**2 + 2. Let j be d(-7). Suppose 3*s = -6, -5*m + 0*s - j*s = 9. What is the units digit of 20040/90 + m/(-3)?
3
Let p = -12 + 18. What is the units digit of 378 + (5 + -4)*p?
4
Let z(k) = 53*k**2 - 2*k + 36. Let h be z(-6). Suppose 3*s + 407 = 4*i - h, 2*s + 2358 = 4*i. What is the hundreds digit of i?
5
Let j(z) = -3*z**3 + z**2 + 2*z + 37210. What is the tens digit of j(0)?
1
Let t(f) = 2*f**2 - 31*f + 18. Let a(s) = 20*s**3 + 7*s**2 - 4*s - 2. Let g be a(1). What is the hundreds digit of t(g)?
2
What is the ten thousands digit of 10/(-8) + (-13662922)/(-328)?
4
Suppose -18 = 25*x - 27*x. Let u(t) = t**3 - 7*t**2 + 4*t - 18. Let h be u(x). Let k = h + -74. What is the tens digit of k?
0
Suppose 9*v + 112 = 16*v. What is the tens digit of (-31360)/(-63) - (-2 + v/9)?
9
Let z = -49 + 52. Suppose -z*q - g - 45 = -2*q, 3*g - 53 = q. Let n = q - -100. What is the tens digit of n?
5
Let h(r) = 10558*r - 4689. What is the hundreds digit of h(9)?
3
Suppose 0 = 13*h - 37198 + 8364. Suppose 0 = 3*l + 574 - h. What is the units digit of l?
8
Let v be -2 + 1 - (-5 + 0). Suppose v*x - 3244 = -852. What is the units digit of x?
8
Let m(x) be the third derivative of -53*x**4/24 - 305*x**3/6 + 3*x**2 - 53*x. What is the thousands digit of m(-34)?
1
Let w(q) = 29*q**2 - 249*q - 30. What is the thousands digit of w(16)?
3
Let t(l) = 1365*l**2 + 91*l + 262. What is the units digit of t(-3)?
4
What is the units digit of 6/4*((-133)/114)/((-6)/68088)?
9
What is the hundreds digit of 142/((104/1703)/8)?
6
Suppose -64 = -0*a - a. Suppose -3*p + 136 = -452. Suppose 4*d + p = 4*v, 2*d = -2*